{"id":54,"date":"2014-10-01T10:59:31","date_gmt":"2014-10-01T09:59:31","guid":{"rendered":"http:\/\/box-of-chocolates.nl\/cms\/?page_id=54"},"modified":"2018-05-16T08:17:45","modified_gmt":"2018-05-16T07:17:45","slug":"spiegelsessies","status":"publish","type":"page","link":"https:\/\/box-of-chocolates.nl\/cms\/index.php\/presentaties\/spiegelsessies\/","title":{"rendered":"Spiegelsessie"},"content":{"rendered":"<h2>Inspirerende solo-voorstelling<a href=\"https:\/\/box-of-chocolates.nl\/cms\/wp-content\/uploads\/2014\/09\/spiegelsessie.jpg\"><img loading=\"lazy\" decoding=\"async\" class=\"alignleft wp-image-266 size-full\" src=\"https:\/\/box-of-chocolates.nl\/cms\/wp-content\/uploads\/2014\/09\/spiegelsessie.jpg\" alt=\"\" width=\"200\" height=\"250\" \/><\/a><\/h2>\n<p>De \u2018spiegelsessie\u2019 is een uniek concept van Box of Chocolates. Het is een groepsgesprek en theatervoorstelling in \u00e9\u00e9n. Over het onderwerp dat u zelf aandraagt:\u00a0 Een introductiedag, een fusie, een nieuwe werkwijze. In\u00a0dit optreden\u00a0weerspiegel de visie van de werknemers over dit onderwerp.<\/p>\n<p>Tijdens de spiegelsessie ben ik afwisselend gespreksleider en acteur. Ik stel het publiek belangstellende vragen en prikkel waar nodig. Elke mening is welkom en geen vraag ongewenst. Zo brengen we samen uw onderwerp in kaart.<\/p>\n<p>Tussendoor speel ik ge\u00efmproviseerde sc\u00e8nes. Ge\u00efnspireerd op de gesprekken. Ik vergroot dingen uit of belicht ze op een andere manier. Zo houd ik een verrassende spiegel voor. Soms po\u00ebtisch, soms grappig, soms muzikaal. Altijd op het scherpst van de snede. Als het onderwerp het toelaat voeg ik interactieve werkvormen toe.<br \/>\nZo breng ik uw onderwerp tot leven.<\/p>\n<p>Afhankelijk van\u00a0doelstelling\u00a0en budget verzorgen we de spiegelsessie als solo-presentatie of met muzikant.<\/p>\n<blockquote><p><span style=\"color: #993300;\">Wat deed je dat fantastisch. De zaal hing aan je lippen en je hebt het thema echt tot leven gebracht.&#8221;<br \/>\n<\/span><span style=\"color: #993300;\">&#8211; Sacha Schoonhoven, Eventmaker bij De Bovenverdieping<\/span><\/p><\/blockquote>\n<p><a href=\"http:\/\/box-of-chocolates.nl\/cms\/wp-content\/uploads\/2014\/09\/long-expressie.jpg\"><img loading=\"lazy\" decoding=\"async\" class=\"alignleft size-full wp-image-255\" src=\"http:\/\/box-of-chocolates.nl\/cms\/wp-content\/uploads\/2014\/09\/long-expressie.jpg\" alt=\"long expressie\" width=\"700\" height=\"200\" srcset=\"https:\/\/box-of-chocolates.nl\/cms\/wp-content\/uploads\/2014\/09\/long-expressie.jpg 700w, https:\/\/box-of-chocolates.nl\/cms\/wp-content\/uploads\/2014\/09\/long-expressie-300x85.jpg 300w\" sizes=\"auto, (max-width: 700px) 100vw, 700px\" \/><\/a><\/p>\n<p><span style=\"color: #999999;\">Foto met gitaar: <a style=\"color: #999999;\" href=\"http:\/\/irinaraiu.com\/\" target=\"_blank\">Irina Raiu <\/a><\/span><\/p>\n<p><a href=\"http:\/\/box-of-chocolates.nl\/cms\/wp-content\/uploads\/2014\/09\/long-spiegelsessie.jpg\"><br \/>\n<\/a><\/p>\n<p>&nbsp;<\/p>\n<p>&nbsp;<\/p>\n<p>&nbsp;<\/p>\n<p>&nbsp;<\/p>\n","protected":false},"excerpt":{"rendered":"<p>Inspirerende solo-voorstelling De \u2018spiegelsessie\u2019 is een uniek concept van Box of Chocolates. Het is een groepsgesprek en theatervoorstelling in \u00e9\u00e9n. Over het onderwerp dat u zelf aandraagt:\u00a0 Een introductiedag, een fusie, een nieuwe werkwijze. In\u00a0dit optreden\u00a0weerspiegel de visie van de werknemers over dit onderwerp. Tijdens de spiegelsessie ben ik afwisselend gespreksleider en acteur. Ik stel [&hellip;]<\/p>\n","protected":false},"author":1,"featured_media":0,"parent":6,"menu_order":0,"comment_status":"open","ping_status":"closed","template":"","meta":{"_genesis_hide_title":false,"_genesis_hide_breadcrumbs":false,"_genesis_hide_singular_image":false,"_genesis_hide_footer_widgets":false,"_genesis_custom_body_class":"","_genesis_custom_post_class":"","_genesis_layout":"","footnotes":""},"class_list":{"0":"post-54","1":"page","2":"type-page","3":"status-publish","5":"entry","6":"has-post-thumbnail"},"_links":{"self":[{"href":"https:\/\/box-of-chocolates.nl\/cms\/index.php\/wp-json\/wp\/v2\/pages\/54","targetHints":{"allow":["GET"]}}],"collection":[{"href":"https:\/\/box-of-chocolates.nl\/cms\/index.php\/wp-json\/wp\/v2\/pages"}],"about":[{"href":"https:\/\/box-of-chocolates.nl\/cms\/index.php\/wp-json\/wp\/v2\/types\/page"}],"author":[{"embeddable":true,"href":"https:\/\/box-of-chocolates.nl\/cms\/index.php\/wp-json\/wp\/v2\/users\/1"}],"replies":[{"embeddable":true,"href":"https:\/\/box-of-chocolates.nl\/cms\/index.php\/wp-json\/wp\/v2\/comments?post=54"}],"version-history":[{"count":38,"href":"https:\/\/box-of-chocolates.nl\/cms\/index.php\/wp-json\/wp\/v2\/pages\/54\/revisions"}],"predecessor-version":[{"id":1177,"href":"https:\/\/box-of-chocolates.nl\/cms\/index.php\/wp-json\/wp\/v2\/pages\/54\/revisions\/1177"}],"up":[{"embeddable":true,"href":"https:\/\/box-of-chocolates.nl\/cms\/index.php\/wp-json\/wp\/v2\/pages\/6"}],"wp:attachment":[{"href":"https:\/\/box-of-chocolates.nl\/cms\/index.php\/wp-json\/wp\/v2\/media?parent=54"}],"curies":[{"name":"wp","href":"https:\/\/api.w.org\/{rel}","templated":true}]}}